 5, what is 42103 - 304?
41244
In base 6, what is -1033505 - -23?
-1033442
In base 12, what is -19551 + -5?
-19556
In base 14, what is d6 + -11a?
-24
In base 14, what is 0 + 7686?
7686
In base 13, what is -65 + 37?
-2b
In base 14, what is 199 - 130?
69
In base 8, what is 10355 + -4?
10351
In base 16, what is 1bd + 141?
2fe
In base 9, what is 7675 + -38?
7636
In base 14, what is -1c2d9d + -4?
-1c2da3
In base 11, what is -2 + 2428?
2426
In base 16, what is bd - 116?
-59
In base 14, what is -4 + 3405?
3401
In base 14, what is 232 - 72?
1a0
In base 15, what is c + 17cb?
17d8
In base 3, what is -1112100020100 + 0?
-1112100020100
In base 8, what is 14042 + 5?
14047
In base 6, what is 15 + -24404?
-24345
In base 4, what is 133001 - 3021?
123320
In base 7, what is 110 + 42535?
42645
In base 15, what is 7949e4 + -3?
7949e1
In base 8, what is 135 - -1041?
1176
In base 10, what is -1167376 + 4?
-1167372
In base 6, what is -52 - -51532?
51440
In base 4, what is 10 - 1000311?
-1000301
In base 11, what is 30aa - -8?
3107
In base 5, what is -1232032 + 10?
-1232022
In base 5, what is -32 + 421341?
421304
In base 7, what is -3050010 + 4?
-3050003
In base 14, what is 5 - 11381b?
-113816
In base 14, what is -247 + 5a?
-1cb
In base 14, what is -13 + -13b50?
-13b63
In base 12, what is 274 + -a06?
-752
In base 14, what is 0 + 4c32?
4c32
In base 10, what is 820 - 16?
804
In base 4, what is 3203300 + -1?
3203233
In base 8, what is 2 + 171437?
171441
In base 13, what is 395b - 1?
395a
In base 10, what is -43 - 3475?
-3518
In base 5, what is -1201 + 2043?
342
In base 7, what is 1 - -1141005?
1141006
In base 15, what is -2 + 16e57c?
16e57a
In base 4, what is -2 - 11321020?
-11321022
In base 8, what is 644007 + -15?
643772
In base 10, what is 87043 - 5?
87038
In base 7, what is -1022 - -1353?
331
In base 5, what is 4143320 - 3?
4143312
In base 4, what is 22 - 213120302?
-213120220
In base 6, what is -1042 - 13502?
-14544
In base 13, what is 67 - 194?
-12a
In base 15, what is -80 + a?
-75
In base 2, what is -1010101101010101100 - 1100?
-1010101101010111000
In base 3, what is 122 - 11020121?
-11012222
In base 4, what is 1 - 212132333?
-212132332
In base 11, what is -21 - -784?
763
In base 13, what is -215c6 - -3?
-215c3
In base 7, what is 3243 + 13?
3256
In base 2, what is -111010011001010001 + 11?
-111010011001001110
In base 5, what is 1241110312 - -2?
1241110314
In base 8, what is -101 - -65206?
65105
In base 11, what is -2 - 62720a?
-627211
In base 5, what is -1 - 200204?
-200210
In base 9, what is -5 + -181775?
-181781
In base 12, what is 76 - 112?
-58
In base 6, what is -52123352 + 5?
-52123343
In base 12, what is 51782 - 2?
51780
In base 11, what is 185 - 106?
7a
In base 6, what is -255 + 10?
-245
In base 4, what is -10021102 + 1010?
-10020032
In base 11, what is -37 + -849?
-885
In base 7, what is -3443 - -2231?
-1212
In base 14, what is 16bd2b - -3?
16bd30
In base 12, what is -268 + 29a?
32
In base 16, what is 514cf - -3?
514d2
In base 8, what is -4437 + 245?
-4172
In base 3, what is 20 - -1000011?
1000101
In base 12, what is -b7 - -1009?
b12
In base 14, what is 3a - 20?
1a
In base 9, what is 4 + -46383?
-46378
In base 16, what is 8ea + -6?
8e4
In base 10, what is 131 - 65?
66
In base 2, what is 11101100010001010 + 0?
11101100010001010
In base 4, what is 210232 + -20?
210212
In base 12, what is -34926 - 9?
-34933
In base 7, what is 13611 + -604?
13004
In base 15, what is -6d444 + -4?
-6d448
In base 9, what is -37 - -1102?
1054
In base 9, what is -1 + -48608?
-48610
In base 14, what is 59 + 7b0?
829
In base 5, what is 3 - 10214443?
-10214440
In base 6, what is -21010123 - 5?
-21010132
In base 8, what is -27 + 771?
742
In base 7, what is 13 - -1260022?
1260035
In base 7, what is 14362 - 13?
14346
In base 11, what is 1 - -18881?
18882
In base 9, what is -3 - -2263040?
2263036
In base 6, what is -1132304 + -4?
-1132312
In base 13, what is 0 + 624?
624
In base 15, what is 7e00 + 69?
7e69
In base 7, what is -31465264 - 1?
-31465265
In base 6, what is -2 + 2245200?
2245154
In base 3, what is 2200211000 + -2?
2200210221
In base 9, what is -6133 + -5?
-6138
In base 5, what is 4140443 - -2?
4141000
In base 13, what is -327c0 - -1?
-327bc
In base 15, what is -3 + -3668?
-366b
In base 16, what is -613 - 17f?
-792
In base 6, what is 1322323 - -25?
1322352
In base 2, what is -101011100110101 + -11?
-101011100111000
In base 6, what is 323 - -15350?
20113
In base 11, what is -602 + 22?
-590
In base 9, what is -244 - 2217?
-2462
In base 4, what is 1031 + -133?
232
In base 11, what is 1228 - -23?
1250
In base 6, what is 23 + 12111?
12134
In base 8, what is 1 - 11074?
-11073
In base 14, what is -42a96 + -12?
-42aa8
In base 12, what is 28210 - -3?
28213
In base 2, what is -1111110001011 - -1000?
-1111110000011
In base 2, what is 100111000111 + 1100?
100111010011
In base 8, what is 2 - -474552?
474554
In base 5, what is 4324434 + 10?
4324444
In base 10, what is 0 + -1123?
-1123
In base 5, what is -4 - 1111342?
-1111401
In base 10, what is -5420 + -25?
-5445
In base 10, what is -100 - 512?
-612
In base 14, what is -63 - 2d?
-92
In base 11, what is -10582 + -1?
-10583
In base 4, what is -110123 - -232?
-103231
In base 12, what is -1ab6a3 + 5?
-1ab69a
In base 12, what is -45 - 25b?
-2a4
In base 12, what is -232 - 7b4?
-a26
In base 3, what is 0 + 1022222111?
1022222111
In base 2, what is 100010 - -1111000101100001?
1111000110000011
In base 12, what is 4 + -137b3?
-137ab
In base 14, what is 4 + 16426?
1642a
In base 16, what is 5 + 1dea?
1def
In base 15, what is 7db5 - 98?
7d1c
In base 3, what is 1001 - -120?
1121
In base 16, what is -2 - -1d1a?
1d18
In base 7, what is -22 + -16520?
-16542
In base 9, what is -3 + 22048?
22045
In base 9, what is 41067 - 0?
41067
In base 14, what is -215 - 33?
-248
In base 9, what is 15 - -8104?
8120
In base 11, what is -161 + -1636?
-1797
In base 13, what is 1ab89 - -3?
1ab8c
In base 3, what is -1022002001112 + 11?
-1022002001101
In base 4, what is -10233 - -32130?
21231
In base 7, what is 153 + 15203?
15356
In base 14, what is -1285 - -43?
-1242
In base 13, what is -82c - 40?
-86c
In base 6, what is -1021 + -5020?
-10041
In base 3, what is 12211 - -20010?
102221
In base 12, what is 382 - 19?
365
In base 10, what is 6 - 8414?
-8408
In base 13, what is -36132 + 8?
-36127
In base 8, what is 11031 + 12?
11043
In base 8, what is 27443 - 0?
27443
In base 5, what is -230 + -1104344?
-1110124
In base 16, what is 3 + -111c8?
-111c5
In base 3, what is 2 - -20102200?
20102202
In base 5, what is 442422 - 1?
442421
In base 16, what is -128 - -113f?
1017
In base 3, what is 2011 + -21222100?
-21220012
In base 8, what is -1143744 + 2?
-1143742
In base 15, what is -376 + 389?
13
In base 5, what is -3242 - 303?
-4100
In base 16, what is 0 + -21dc9?
-21dc9
In base 7, what is 36 - 1?
35
In base 9, what is 15 + -286410?
-286384
In base 8, what is -4 + 13525?
13521
In base 5, what is 1434414 + 1?
1434420
In base 10, what is -18053 + 5?
-18048
In base 13, what is 248 - -107?
352
In base 7, what is -44222 - 251?
-44503
In base 6, what is -233501 + 3?
-233454
In base 6, what is -1 - 220233?
-220234
In base 2, what is -1101100101111011 - 100?
-1101100101111111
In base 6, what is 25012 + -22?
24550
In base 13, what is 189 - -b3?
26c
In base 10, what is 12 + -597201?
-597189
In base 8, what is 14 - 11766?
-11752
In base 7, what is 4 - -30550?
30554
In base 2, what is 1100000 + 1110111000111?
1111000100111
In base 5, what is 24000201 - -1?
24000202
In base 10, what is -5479 - 9?
-5488
In base 2, what is -100 - -101100010101000?
101100010100100
In base 11, what is -2781 - -81?
-2700
In base 3, what is 100222101102 + -12?
100222101020
In base 7, what is -264 - -236?
-25
In base 7, what is 146 + 5124?
5303
In base 10, what is -1096 - 177?
-1273
In base 8, what is -10 + 6022?
6012
In base 7, what is -6 - -3326?
3320
In base 10, what is 232054 + -3?
232051
In base 10, what is 42 - -773?
815
In base 5, what is 0 - -331031?
331031
In base 13, what is 1 - 84674?
-84673
In base 5, what is 0 + 1420330?
1420330
In base 12, what is -1a57330 - 3?
-1a57333
In base 15, what is -68 - 72d1?
-7349
In base 6, what is -31343023 - 2?
-31343025
In base 16, what is fa1 - -e?
faf
In base 13, what is 2 + 2